{"id":435,"date":"2022-07-31T17:21:07","date_gmt":"2022-07-31T17:21:07","guid":{"rendered":"https:\/\/theatre-and-coach.fr\/?page_id=435"},"modified":"2026-02-14T17:52:12","modified_gmt":"2026-02-14T17:52:12","slug":"temoignages","status":"publish","type":"page","link":"https:\/\/theatre-and-coach.fr\/?page_id=435","title":{"rendered":"T\u00e9moignages"},"content":{"rendered":"\t\t<div data-elementor-type=\"wp-page\" data-elementor-id=\"435\" class=\"elementor elementor-435\" data-elementor-post-type=\"page\">\n\t\t\t\t\t\t<section class=\"elementor-section elementor-top-section elementor-element elementor-element-6a63d2e9 elementor-section-full_width elementor-section-height-default elementor-section-height-default\" data-id=\"6a63d2e9\" data-element_type=\"section\" data-e-type=\"section\" data-settings=\"{&quot;background_background&quot;:&quot;classic&quot;}\">\n\t\t\t\t\t\t<div class=\"elementor-container elementor-column-gap-default\">\n\t\t\t\t\t<div class=\"elementor-column elementor-col-100 elementor-top-column elementor-element elementor-element-6528dc98\" data-id=\"6528dc98\" data-element_type=\"column\" data-e-type=\"column\">\n\t\t\t<div class=\"elementor-widget-wrap elementor-element-populated\">\n\t\t\t\t\t\t<div class=\"elementor-element elementor-element-314ce3f3 elementor-hidden-laptop elementor-hidden-tablet_extra elementor-hidden-tablet elementor-hidden-mobile_extra elementor-hidden-mobile elementor-widget elementor-widget-spacer\" data-id=\"314ce3f3\" data-element_type=\"widget\" data-e-type=\"widget\" data-widget_type=\"spacer.default\">\n\t\t\t\t<div class=\"elementor-widget-container\">\n\t\t\t\t\t\t\t<div class=\"elementor-spacer\">\n\t\t\t<div class=\"elementor-spacer-inner\"><\/div>\n\t\t<\/div>\n\t\t\t\t\t\t<\/div>\n\t\t\t\t<\/div>\n\t\t\t\t<section class=\"elementor-section elementor-inner-section elementor-element elementor-element-6fd97d23 elementor-section-boxed elementor-section-height-default elementor-section-height-default\" data-id=\"6fd97d23\" data-element_type=\"section\" data-e-type=\"section\">\n\t\t\t\t\t\t<div class=\"elementor-container elementor-column-gap-default\">\n\t\t\t\t\t<div class=\"elementor-column elementor-col-33 elementor-inner-column elementor-element elementor-element-3c45015a\" data-id=\"3c45015a\" data-element_type=\"column\" data-e-type=\"column\">\n\t\t\t<div class=\"elementor-widget-wrap elementor-element-populated\">\n\t\t\t\t\t\t<div class=\"elementor-element elementor-element-a683820 elementor-author-box--layout-image-above elementor-author-box--align-center elementor-widget elementor-widget-author-box\" data-id=\"a683820\" data-element_type=\"widget\" data-e-type=\"widget\" data-widget_type=\"author-box.default\">\n\t\t\t\t<div class=\"elementor-widget-container\">\n\t\t\t\t\t\t\t<div class=\"elementor-author-box\">\n\t\t\t\t\t\t\t<div  class=\"elementor-author-box__avatar\">\n\t\t\t\t\t<img decoding=\"async\" src=\"https:\/\/theatre-and-coach.fr\/wp-content\/uploads\/2022\/07\/IMG_0491-1-300x300.png\" alt=\"Image de Lina David\" loading=\"lazy\">\n\t\t\t\t<\/div>\n\t\t\t\n\t\t\t<div class=\"elementor-author-box__text\">\n\t\t\t\t\t\t\t\t\t<div >\n\t\t\t\t\t\t<h4 class=\"elementor-author-box__name\">\n\t\t\t\t\t\t\tLina David\t\t\t\t\t\t<\/h4>\n\t\t\t\t\t<\/div>\n\t\t\t\t\n\t\t\t\t\t\t\t\t\t<div class=\"elementor-author-box__bio\">\n\t\t\t\t\t\t<p>Je vous recommande Eric Le Mignon qui est coach d'acteur et metteur en sc\u00e8ne avec qui je suis en collaboration pour un spectacle car il est professionnel, respectueux, p\u00e9dagogue, patient, pers\u00e9v\u00e9rant et bienveillant.<\/p>\n\t\t\t\t\t<\/div>\n\t\t\t\t\n\t\t\t\t\t\t\t<\/div>\n\t\t<\/div>\n\t\t\t\t\t\t<\/div>\n\t\t\t\t<\/div>\n\t\t\t\t\t<\/div>\n\t\t<\/div>\n\t\t\t\t<div class=\"elementor-column elementor-col-33 elementor-inner-column elementor-element elementor-element-13258f7b\" data-id=\"13258f7b\" data-element_type=\"column\" data-e-type=\"column\">\n\t\t\t<div class=\"elementor-widget-wrap elementor-element-populated\">\n\t\t\t\t\t\t<div class=\"elementor-element elementor-element-c8a49aa elementor-author-box--layout-image-above elementor-author-box--align-center elementor-widget elementor-widget-author-box\" data-id=\"c8a49aa\" data-element_type=\"widget\" data-e-type=\"widget\" data-widget_type=\"author-box.default\">\n\t\t\t\t<div class=\"elementor-widget-container\">\n\t\t\t\t\t\t\t<div class=\"elementor-author-box\">\n\t\t\t\t\t\t\t<div  class=\"elementor-author-box__avatar\">\n\t\t\t\t\t<img decoding=\"async\" src=\"https:\/\/theatre-and-coach.fr\/wp-content\/uploads\/2022\/07\/Photo-Joelle-1-264x300.png\" alt=\"Image de Jo\u00eblle Clo\u00e9rec\" loading=\"lazy\">\n\t\t\t\t<\/div>\n\t\t\t\n\t\t\t<div class=\"elementor-author-box__text\">\n\t\t\t\t\t\t\t\t\t<div >\n\t\t\t\t\t\t<h4 class=\"elementor-author-box__name\">\n\t\t\t\t\t\t\tJo\u00eblle Clo\u00e9rec\t\t\t\t\t\t<\/h4>\n\t\t\t\t\t<\/div>\n\t\t\t\t\n\t\t\t\t\t\t\t\t\t<div class=\"elementor-author-box__bio\">\n\t\t\t\t\t\t<p>Passionn\u00e9 de th\u00e9\u00e2tre, Eric est un professionnel sur lequel on peut compter pour progresser et acqu\u00e9rir une aisance \u00e0 l'oral, utile pour s'exprimer devant un public , animer une formation ou lors des examens et concours. Ses techniques alli\u00e9es \u00e0 celles du coaching permettent de suivre un accompagnement complet. Bienveillant, ouvert, et engag\u00e9, Eric sait challenger pour vous faire atteindre votre objectif. <\/p>\n\t\t\t\t\t<\/div>\n\t\t\t\t\n\t\t\t\t\t\t\t<\/div>\n\t\t<\/div>\n\t\t\t\t\t\t<\/div>\n\t\t\t\t<\/div>\n\t\t\t\t\t<\/div>\n\t\t<\/div>\n\t\t\t\t<div class=\"elementor-column elementor-col-33 elementor-inner-column elementor-element elementor-element-b69f140\" data-id=\"b69f140\" data-element_type=\"column\" data-e-type=\"column\">\n\t\t\t<div class=\"elementor-widget-wrap elementor-element-populated\">\n\t\t\t\t\t\t<div class=\"elementor-element elementor-element-4e8e962 elementor-author-box--layout-image-above elementor-author-box--align-center elementor-widget elementor-widget-author-box\" data-id=\"4e8e962\" data-element_type=\"widget\" data-e-type=\"widget\" data-widget_type=\"author-box.default\">\n\t\t\t\t<div class=\"elementor-widget-container\">\n\t\t\t\t\t\t\t<div class=\"elementor-author-box\">\n\t\t\t\t\t\t\t<div  class=\"elementor-author-box__avatar\">\n\t\t\t\t\t<img decoding=\"async\" src=\"https:\/\/theatre-and-coach.fr\/wp-content\/uploads\/2022\/07\/AnyConv.com__Photo-de-Mathilde-300x300.jpg\" alt=\"Image de Mathilde Paul \" loading=\"lazy\">\n\t\t\t\t<\/div>\n\t\t\t\n\t\t\t<div class=\"elementor-author-box__text\">\n\t\t\t\t\t\t\t\t\t<div >\n\t\t\t\t\t\t<h4 class=\"elementor-author-box__name\">\n\t\t\t\t\t\t\tMathilde Paul \t\t\t\t\t\t<\/h4>\n\t\t\t\t\t<\/div>\n\t\t\t\t\n\t\t\t\t\t\t\t\t\t<div class=\"elementor-author-box__bio\">\n\t\t\t\t\t\t<p>Je vous contacte afin de vous remercier sinc\u00e8rement pour votre aide qui m'aura \u00e9t\u00e9 pr\u00e9cieuse dans la pr\u00e9paration de mes oraux. Vos conseils m'ont beaucoup apport\u00e9 et me seront bien utiles par la suite tant lors de mes entretiens que dans mes futures exp\u00e9riences professionnelles en tant que manager. Un grand merci encore.<\/p>\n\t\t\t\t\t<\/div>\n\t\t\t\t\n\t\t\t\t\t\t\t<\/div>\n\t\t<\/div>\n\t\t\t\t\t\t<\/div>\n\t\t\t\t<\/div>\n\t\t\t\t\t<\/div>\n\t\t<\/div>\n\t\t\t\t\t<\/div>\n\t\t<\/section>\n\t\t\t\t<section class=\"elementor-section elementor-inner-section elementor-element elementor-element-c6bc9b0 elementor-section-boxed elementor-section-height-default elementor-section-height-default\" data-id=\"c6bc9b0\" data-element_type=\"section\" data-e-type=\"section\">\n\t\t\t\t\t\t<div class=\"elementor-container elementor-column-gap-default\">\n\t\t\t\t\t<div class=\"elementor-column elementor-col-33 elementor-inner-column elementor-element elementor-element-8149980\" data-id=\"8149980\" data-element_type=\"column\" data-e-type=\"column\">\n\t\t\t<div class=\"elementor-widget-wrap elementor-element-populated\">\n\t\t\t\t\t\t<div class=\"elementor-element elementor-element-20c032b elementor-author-box--layout-image-above elementor-author-box--align-center elementor-widget elementor-widget-author-box\" data-id=\"20c032b\" data-element_type=\"widget\" data-e-type=\"widget\" data-widget_type=\"author-box.default\">\n\t\t\t\t<div class=\"elementor-widget-container\">\n\t\t\t\t\t\t\t<div class=\"elementor-author-box\">\n\t\t\t\t\t\t\t<div  class=\"elementor-author-box__avatar\">\n\t\t\t\t\t<img decoding=\"async\" src=\"https:\/\/theatre-and-coach.fr\/wp-content\/uploads\/2022\/07\/IMG_6454-200x300.jpg\" alt=\"Image de Sophie-Alexandre Gautier\" loading=\"lazy\">\n\t\t\t\t<\/div>\n\t\t\t\n\t\t\t<div class=\"elementor-author-box__text\">\n\t\t\t\t\t\t\t\t\t<div >\n\t\t\t\t\t\t<h4 class=\"elementor-author-box__name\">\n\t\t\t\t\t\t\tSophie-Alexandre Gautier\t\t\t\t\t\t<\/h4>\n\t\t\t\t\t<\/div>\n\t\t\t\t\n\t\t\t\t\t\t\t\t\t<div class=\"elementor-author-box__bio\">\n\t\t\t\t\t\t<p>Eric met tout en place pour nous mettre \u00e0 l'aise d\u00e8s l'arriv\u00e9e. J' ai \u00e9t\u00e9 accueillie dans sa famille avec bienveillance et \u00e9coute. Le stage est intensif et structur\u00e9.<\/p>\n<p>Je repars avec un beau panier de techniques qui me permet d'avancer avec joie et beaucoup de plaisir. Je ne sais pas de quoi demain sera fait mais aujourd'hui je suis heureuse de me dire que j'ai su r\u00e9citer de tr\u00e8s beaux textes sous diff\u00e9rentes formes aupr\u00e8s d'un artiste qui ne manque pas de cordes \u00e0 son arc pour nous faire \u00e9voluer tr\u00e8s vite.<\/p>\n<p>Un immense MERCI encore pour ton accueil, ta confiance et ta bienveillance. J'ai h\u00e2te de pr\u00e9parer ma voix et de r\u00e9citer mes textes demain, m\u00eame dans ma salle de bain !!<\/p>\n\t\t\t\t\t<\/div>\n\t\t\t\t\n\t\t\t\t\t\t\t<\/div>\n\t\t<\/div>\n\t\t\t\t\t\t<\/div>\n\t\t\t\t<\/div>\n\t\t\t\t\t<\/div>\n\t\t<\/div>\n\t\t\t\t<div class=\"elementor-column elementor-col-33 elementor-inner-column elementor-element elementor-element-efcf009\" data-id=\"efcf009\" data-element_type=\"column\" data-e-type=\"column\">\n\t\t\t<div class=\"elementor-widget-wrap elementor-element-populated\">\n\t\t\t\t\t\t<div class=\"elementor-element elementor-element-ff0050a elementor-author-box--layout-image-above elementor-author-box--align-center elementor-widget elementor-widget-author-box\" data-id=\"ff0050a\" data-element_type=\"widget\" data-e-type=\"widget\" data-widget_type=\"author-box.default\">\n\t\t\t\t<div class=\"elementor-widget-container\">\n\t\t\t\t\t\t\t<div class=\"elementor-author-box\">\n\t\t\t\t\t\t\t<div  class=\"elementor-author-box__avatar\">\n\t\t\t\t\t<img decoding=\"async\" src=\"https:\/\/theatre-and-coach.fr\/wp-content\/uploads\/2025\/02\/Theatre-And-Coach-5-300x251.jpg\" alt=\"Image de Agn\u00e8s Poisson\" loading=\"lazy\">\n\t\t\t\t<\/div>\n\t\t\t\n\t\t\t<div class=\"elementor-author-box__text\">\n\t\t\t\t\t\t\t\t\t<div >\n\t\t\t\t\t\t<h4 class=\"elementor-author-box__name\">\n\t\t\t\t\t\t\tAgn\u00e8s Poisson\t\t\t\t\t\t<\/h4>\n\t\t\t\t\t<\/div>\n\t\t\t\t\n\t\t\t\t\t\t\t\t\t<div class=\"elementor-author-box__bio\">\n\t\t\t\t\t\t<p>Bonjour<\/p>\n<p>2 jours intenses pour le tournage de la bande d\u00e9mo le destin de Laure<br \/>\nAvec une superbe \u00e9quipe pro<br \/>\nEric LE Mignon et Germain Carcopino<br \/>\nJ' ai appris beaucoup de choses .<br \/>\nEric m a tr\u00e8s bien conseill\u00e9.<br \/>\nM' a repris sur mes articulations,<br \/>\nLes mises en sc\u00e8nes.<br \/>\nDes fois un peu sportive.<br \/>\nIl m'a pouss\u00e9 jusqu' \u00e0 l\u00e2cher prise.<br \/>\nJ' ai r\u00e9ussi.<br \/>\nMerci infiniment.<br \/>\nJe vous le recommande fortement ainsi que germain pour la vid\u00e9o et la r\u00e9alisation.<br \/>\nBient\u00f4t vous verrez le r\u00e9sultat<\/p>\n\t\t\t\t\t<\/div>\n\t\t\t\t\n\t\t\t\t\t\t\t<\/div>\n\t\t<\/div>\n\t\t\t\t\t\t<\/div>\n\t\t\t\t<\/div>\n\t\t\t\t\t<\/div>\n\t\t<\/div>\n\t\t\t\t<div class=\"elementor-column elementor-col-33 elementor-inner-column elementor-element elementor-element-49fffa7\" data-id=\"49fffa7\" data-element_type=\"column\" data-e-type=\"column\">\n\t\t\t<div class=\"elementor-widget-wrap elementor-element-populated\">\n\t\t\t\t\t\t<div class=\"elementor-element elementor-element-4e27462 elementor-author-box--layout-image-above elementor-author-box--align-center elementor-widget elementor-widget-author-box\" data-id=\"4e27462\" data-element_type=\"widget\" data-e-type=\"widget\" data-widget_type=\"author-box.default\">\n\t\t\t\t<div class=\"elementor-widget-container\">\n\t\t\t\t\t\t\t<div class=\"elementor-author-box\">\n\t\t\t\t\t\t\t<div  class=\"elementor-author-box__avatar\">\n\t\t\t\t\t<img decoding=\"async\" src=\"https:\/\/theatre-and-coach.fr\/wp-content\/uploads\/2023\/04\/temp_image_20230410_101358_cccedfe3-d6c9-4860-8889-1074f97732d2-300x300.jpg\" alt=\"Image de Geoffrey Capizzano\" loading=\"lazy\">\n\t\t\t\t<\/div>\n\t\t\t\n\t\t\t<div class=\"elementor-author-box__text\">\n\t\t\t\t\t\t\t\t\t<div >\n\t\t\t\t\t\t<h4 class=\"elementor-author-box__name\">\n\t\t\t\t\t\t\tGeoffrey Capizzano\t\t\t\t\t\t<\/h4>\n\t\t\t\t\t<\/div>\n\t\t\t\t\n\t\t\t\t\t\t\t\t\t<div class=\"elementor-author-box__bio\">\n\t\t\t\t\t\t<p>Je recommande Eric \u00e0 toutes personnes ayant une capacit\u00e9 artistique.<\/p>\n<p>En effet, il m'a encourager \u00e0 suivre mon objectif, pas seulement le r\u00eave d'y arriver, mais de mettre en place les actions n\u00e9cessaires pour atteindre ce but. <\/p>\n<p>Il m'a permis de faire parti d'un r\u00e9seau d'artistes avec \" Th\u00e9\u00e2tre And Coach \" et de m'orienter vers l'\u00e9dition de mes \u00e9crits.<\/p>\n<p>En d\u00e9finitif, je comprends avec mon parcours d'auteur que je ne suis pas le seul \u00e0 avoir une personnalit\u00e9 atypique, qu'une multitude de gens sont comme moi, ont un potentiel et des valeurs \u00e0 apporter au monde. <\/p>\n<p>\u00c9ric sait d\u00e9tecter et accompagner les personnes avec ses comp\u00e9tences de coach, manager d'artistes.<\/p>\n\t\t\t\t\t<\/div>\n\t\t\t\t\n\t\t\t\t\t\t\t<\/div>\n\t\t<\/div>\n\t\t\t\t\t\t<\/div>\n\t\t\t\t<\/div>\n\t\t\t\t\t<\/div>\n\t\t<\/div>\n\t\t\t\t\t<\/div>\n\t\t<\/section>\n\t\t\t\t<section class=\"elementor-section elementor-inner-section elementor-element elementor-element-16aebb0 elementor-section-boxed elementor-section-height-default elementor-section-height-default\" data-id=\"16aebb0\" data-element_type=\"section\" data-e-type=\"section\">\n\t\t\t\t\t\t<div class=\"elementor-container elementor-column-gap-default\">\n\t\t\t\t\t<div class=\"elementor-column elementor-col-33 elementor-inner-column elementor-element elementor-element-7157be3\" data-id=\"7157be3\" data-element_type=\"column\" data-e-type=\"column\">\n\t\t\t<div class=\"elementor-widget-wrap elementor-element-populated\">\n\t\t\t\t\t\t<div class=\"elementor-element elementor-element-242bc08 elementor-author-box--layout-image-above elementor-author-box--align-center elementor-widget elementor-widget-author-box\" data-id=\"242bc08\" data-element_type=\"widget\" data-e-type=\"widget\" data-widget_type=\"author-box.default\">\n\t\t\t\t<div class=\"elementor-widget-container\">\n\t\t\t\t\t\t\t<div class=\"elementor-author-box\">\n\t\t\t\t\t\t\t<div  class=\"elementor-author-box__avatar\">\n\t\t\t\t\t<img decoding=\"async\" src=\"https:\/\/theatre-and-coach.fr\/wp-content\/uploads\/2023\/04\/Portrait-300x300.jpg\" alt=\"Image de Yannick Magic\" loading=\"lazy\">\n\t\t\t\t<\/div>\n\t\t\t\n\t\t\t<div class=\"elementor-author-box__text\">\n\t\t\t\t\t\t\t\t\t<div >\n\t\t\t\t\t\t<h4 class=\"elementor-author-box__name\">\n\t\t\t\t\t\t\tYannick Magic\t\t\t\t\t\t<\/h4>\n\t\t\t\t\t<\/div>\n\t\t\t\t\n\t\t\t\t\t\t\t\t\t<div class=\"elementor-author-box__bio\">\n\t\t\t\t\t\t<p>Un grand coup de chapeau \u00e0 ce grand homme g\u00e9n\u00e9reux et qualifi\u00e9 dans ses multiples domaines artistiques ; simple dans la vie et un grand travailleur pour ses artistes qu'il dirige de main de ma\u00eetre ! Je suis dans sa troupe d'artistes en tant que magicien professionnel en close-up et salon et professeur de magie, j'ai un tr\u00e8s bon relationnel avec mon manager, quand je passe dans des \u00e9missions t\u00e9l\u00e9s, radios, m\u00eame dans des articles dans des magazines, journaux, je parle de lui et je fais des \u00e9loges qu'il m\u00e9rite bien. Dans ma derni\u00e8re \u00e9mission t\u00e9l\u00e9, je le cite, vous pourrez voir mon commentaire sur \"Mon quotidien TV Youtube\" \u00e0 cette adresse: ( https:\/\/youtu.be\/8EonWDCZhpQ ). Que dire d'autre \u00e0 son sujet? Vous le constaterez par vous m\u00eame, en l'engageant pour diriger vos soir\u00e9es en France, avec sa troupe d'artistes professionnels dont je fais parti tous les jours de l'ann\u00e9e, prendre des cours de th\u00e9\u00e2tre avec lui, \u00e0 Montsoult dans le 95. Merci \u00e0 toi Eric... <\/p>\n<p>Yannick Magic.<\/p>\n\t\t\t\t\t<\/div>\n\t\t\t\t\n\t\t\t\t\t\t\t<\/div>\n\t\t<\/div>\n\t\t\t\t\t\t<\/div>\n\t\t\t\t<\/div>\n\t\t\t\t\t<\/div>\n\t\t<\/div>\n\t\t\t\t<div class=\"elementor-column elementor-col-33 elementor-inner-column elementor-element elementor-element-9f0b812\" data-id=\"9f0b812\" data-element_type=\"column\" data-e-type=\"column\">\n\t\t\t<div class=\"elementor-widget-wrap elementor-element-populated\">\n\t\t\t\t\t\t<div class=\"elementor-element elementor-element-9bf6b0f elementor-author-box--layout-image-above elementor-author-box--align-center elementor-widget elementor-widget-author-box\" data-id=\"9bf6b0f\" data-element_type=\"widget\" data-e-type=\"widget\" data-widget_type=\"author-box.default\">\n\t\t\t\t<div class=\"elementor-widget-container\">\n\t\t\t\t\t\t\t<div class=\"elementor-author-box\">\n\t\t\t\t\t\t\t<div  class=\"elementor-author-box__avatar\">\n\t\t\t\t\t<img decoding=\"async\" src=\"https:\/\/theatre-and-coach.fr\/wp-content\/uploads\/2023\/04\/Auteur-Thibault-Bozellec.jpg\" alt=\"Image de Thibault Bozellec\" loading=\"lazy\">\n\t\t\t\t<\/div>\n\t\t\t\n\t\t\t<div class=\"elementor-author-box__text\">\n\t\t\t\t\t\t\t\t\t<div >\n\t\t\t\t\t\t<h4 class=\"elementor-author-box__name\">\n\t\t\t\t\t\t\tThibault Bozellec\t\t\t\t\t\t<\/h4>\n\t\t\t\t\t<\/div>\n\t\t\t\t\n\t\t\t\t\t\t\t\t\t<div class=\"elementor-author-box__bio\">\n\t\t\t\t\t\t<p>Eric est un coach tr\u00e8s investi dans son travail, qui a c\u0153ur \u00e0 aider son prochain ! Il est dot\u00e9 d\u2019une tr\u00e8s grande empathie, il a un don pr\u00e9cieux pour guider ses clients afin qu\u2019ils tombent les murs et les masques qu\u2019ils portent depuis des ann\u00e9es. Gr\u00e2ce \u00e0 mon travail avec Eric Le Mignon, je suis sur le chemin vers un nouveau d\u00e9part dans ma vie, lib\u00e9r\u00e9 de mes peurs, de mes doutes, de tous mes blocages ! Je le recommande 200 % !!! Merci Eric !! <\/p>\n\t\t\t\t\t<\/div>\n\t\t\t\t\n\t\t\t\t\t\t\t<\/div>\n\t\t<\/div>\n\t\t\t\t\t\t<\/div>\n\t\t\t\t<\/div>\n\t\t\t\t\t<\/div>\n\t\t<\/div>\n\t\t\t\t<div class=\"elementor-column elementor-col-33 elementor-inner-column elementor-element elementor-element-e00d2af\" data-id=\"e00d2af\" data-element_type=\"column\" data-e-type=\"column\">\n\t\t\t<div class=\"elementor-widget-wrap elementor-element-populated\">\n\t\t\t\t\t\t<div class=\"elementor-element elementor-element-a90f0e5 elementor-author-box--layout-image-above elementor-author-box--align-center elementor-widget elementor-widget-author-box\" data-id=\"a90f0e5\" data-element_type=\"widget\" data-e-type=\"widget\" data-widget_type=\"author-box.default\">\n\t\t\t\t<div class=\"elementor-widget-container\">\n\t\t\t\t\t\t\t<div class=\"elementor-author-box\">\n\t\t\t\t\t\t\t<div  class=\"elementor-author-box__avatar\">\n\t\t\t\t\t<img decoding=\"async\" src=\"https:\/\/theatre-and-coach.fr\/wp-content\/uploads\/2025\/02\/Theatre-And-Coach-5-300x251.jpg\" alt=\"Image de Saadia\" loading=\"lazy\">\n\t\t\t\t<\/div>\n\t\t\t\n\t\t\t<div class=\"elementor-author-box__text\">\n\t\t\t\t\t\t\t\t\t<div >\n\t\t\t\t\t\t<h4 class=\"elementor-author-box__name\">\n\t\t\t\t\t\t\tSaadia\t\t\t\t\t\t<\/h4>\n\t\t\t\t\t<\/div>\n\t\t\t\t\n\t\t\t\t\t\t\t\t\t<div class=\"elementor-author-box__bio\">\n\t\t\t\t\t\t<p>Je vous recommande Eric sans aucun h\u00e9sitation. Pour son professionnalisme, sa patience, son \u00e9coute attentive et sa disponibilit\u00e9. Il est toujours \u00e0 t'aider \u00e0 surmonter tes difficult\u00e9s et tes d\u00e9fis. Il mettra tout en oeuvre pour garantir ta r\u00e9ussite. C'est v\u00e9ritablement un coach exceptionnel en art oratoire et \u00e9galement pour le th\u00e9\u00e2tre.<\/p>\n\t\t\t\t\t<\/div>\n\t\t\t\t\n\t\t\t\t\t\t\t<\/div>\n\t\t<\/div>\n\t\t\t\t\t\t<\/div>\n\t\t\t\t<\/div>\n\t\t\t\t<div class=\"elementor-element elementor-element-d5cea9d elementor-author-box--layout-image-above elementor-author-box--align-center elementor-widget elementor-widget-author-box\" data-id=\"d5cea9d\" data-element_type=\"widget\" data-e-type=\"widget\" data-widget_type=\"author-box.default\">\n\t\t\t\t<div class=\"elementor-widget-container\">\n\t\t\t\t\t\t\t<div class=\"elementor-author-box\">\n\t\t\t\t\t\t\t<div  class=\"elementor-author-box__avatar\">\n\t\t\t\t\t<img decoding=\"async\" src=\"https:\/\/theatre-and-coach.fr\/wp-content\/uploads\/2026\/02\/Design-sans-titre-7-300x300.jpg\" alt=\"Image de David\" loading=\"lazy\">\n\t\t\t\t<\/div>\n\t\t\t\n\t\t\t<div class=\"elementor-author-box__text\">\n\t\t\t\t\t\t\t\t\t<div >\n\t\t\t\t\t\t<h4 class=\"elementor-author-box__name\">\n\t\t\t\t\t\t\tDavid\t\t\t\t\t\t<\/h4>\n\t\t\t\t\t<\/div>\n\t\t\t\t\n\t\t\t\t\t\t\t\t\t<div class=\"elementor-author-box__bio\">\n\t\t\t\t\t\t<p>Un grand merci \u00e0 Eric, notre coach, pour son engagement \u00e0 nos c\u00f4t\u00e9s. Il a su nous challenger, nous structurer et nous donner confiance ?<\/p>\n<p>Toujours avec clart\u00e9 et bonne humeur. Une accompagnement de grande qualit\u00e9 que nous recommandons vivement \u00e0 toute personne qui veut b\u00e2tir un projet.<\/p>\n\t\t\t\t\t<\/div>\n\t\t\t\t\n\t\t\t\t\t\t\t<\/div>\n\t\t<\/div>\n\t\t\t\t\t\t<\/div>\n\t\t\t\t<\/div>\n\t\t\t\t\t<\/div>\n\t\t<\/div>\n\t\t\t\t\t<\/div>\n\t\t<\/section>\n\t\t\t\t\t<\/div>\n\t\t<\/div>\n\t\t\t\t\t<\/div>\n\t\t<\/section>\n\t\t\t\t<\/div>\n\t\t","protected":false},"excerpt":{"rendered":"","protected":false},"author":1,"featured_media":0,"parent":0,"menu_order":0,"comment_status":"closed","ping_status":"closed","template":"","meta":{"_monsterinsights_skip_tracking":false,"_monsterinsights_sitenote_active":false,"_monsterinsights_sitenote_note":"","_monsterinsights_sitenote_category":0,"footnotes":""},"class_list":["post-435","page","type-page","status-publish","hentry"],"aioseo_notices":[],"_links":{"self":[{"href":"https:\/\/theatre-and-coach.fr\/index.php?rest_route=\/wp\/v2\/pages\/435","targetHints":{"allow":["GET"]}}],"collection":[{"href":"https:\/\/theatre-and-coach.fr\/index.php?rest_route=\/wp\/v2\/pages"}],"about":[{"href":"https:\/\/theatre-and-coach.fr\/index.php?rest_route=\/wp\/v2\/types\/page"}],"author":[{"embeddable":true,"href":"https:\/\/theatre-and-coach.fr\/index.php?rest_route=\/wp\/v2\/users\/1"}],"replies":[{"embeddable":true,"href":"https:\/\/theatre-and-coach.fr\/index.php?rest_route=%2Fwp%2Fv2%2Fcomments&post=435"}],"version-history":[{"count":21,"href":"https:\/\/theatre-and-coach.fr\/index.php?rest_route=\/wp\/v2\/pages\/435\/revisions"}],"predecessor-version":[{"id":6301,"href":"https:\/\/theatre-and-coach.fr\/index.php?rest_route=\/wp\/v2\/pages\/435\/revisions\/6301"}],"wp:attachment":[{"href":"https:\/\/theatre-and-coach.fr\/index.php?rest_route=%2Fwp%2Fv2%2Fmedia&parent=435"}],"curies":[{"name":"wp","href":"https:\/\/api.w.org\/{rel}","templated":true}]}}