{"id":407,"date":"2022-07-31T15:48:49","date_gmt":"2022-07-31T15:48:49","guid":{"rendered":"https:\/\/theatre-and-coach.fr\/?page_id=407"},"modified":"2025-09-19T09:41:42","modified_gmt":"2025-09-19T09:41:42","slug":"services","status":"publish","type":"page","link":"https:\/\/theatre-and-coach.fr\/?page_id=407","title":{"rendered":"Services"},"content":{"rendered":"\t\t<div data-elementor-type=\"wp-page\" data-elementor-id=\"407\" class=\"elementor elementor-407\" data-elementor-post-type=\"page\">\n\t\t\t\t\t\t<section class=\"elementor-section elementor-top-section elementor-element elementor-element-0d46282 elementor-section-full_width elementor-section-height-default elementor-section-height-default\" data-id=\"0d46282\" data-element_type=\"section\" data-e-type=\"section\" data-settings=\"{&quot;background_background&quot;:&quot;classic&quot;}\">\n\t\t\t\t\t\t<div class=\"elementor-container elementor-column-gap-default\">\n\t\t\t\t\t<div class=\"elementor-column elementor-col-100 elementor-top-column elementor-element elementor-element-95158b0\" data-id=\"95158b0\" data-element_type=\"column\" data-e-type=\"column\">\n\t\t\t<div class=\"elementor-widget-wrap elementor-element-populated\">\n\t\t\t\t\t\t<div class=\"elementor-element elementor-element-0ccdc9d elementor-hidden-laptop elementor-hidden-tablet_extra elementor-hidden-tablet elementor-hidden-mobile_extra elementor-hidden-mobile elementor-widget elementor-widget-spacer\" data-id=\"0ccdc9d\" data-element_type=\"widget\" data-e-type=\"widget\" data-widget_type=\"spacer.default\">\n\t\t\t\t<div class=\"elementor-widget-container\">\n\t\t\t\t\t\t\t<div class=\"elementor-spacer\">\n\t\t\t<div class=\"elementor-spacer-inner\"><\/div>\n\t\t<\/div>\n\t\t\t\t\t\t<\/div>\n\t\t\t\t<\/div>\n\t\t\t\t<section class=\"elementor-section elementor-inner-section elementor-element elementor-element-0542429 elementor-section-boxed elementor-section-height-default elementor-section-height-default\" data-id=\"0542429\" data-element_type=\"section\" data-e-type=\"section\">\n\t\t\t\t\t\t<div class=\"elementor-container elementor-column-gap-default\">\n\t\t\t\t\t<div class=\"elementor-column elementor-col-100 elementor-inner-column elementor-element elementor-element-ed82044\" data-id=\"ed82044\" data-element_type=\"column\" data-e-type=\"column\">\n\t\t\t<div class=\"elementor-widget-wrap elementor-element-populated\">\n\t\t\t\t\t\t<div class=\"elementor-element elementor-element-ff971f8 elementor-grid-5 elementor-grid-tablet-2 elementor-grid-mobile-1 elementor-posts--thumbnail-top elementor-card-shadow-yes elementor-posts__hover-gradient elementor-widget elementor-widget-posts\" data-id=\"ff971f8\" data-element_type=\"widget\" data-e-type=\"widget\" data-settings=\"{&quot;cards_columns&quot;:&quot;5&quot;,&quot;cards_columns_tablet&quot;:&quot;2&quot;,&quot;cards_columns_mobile&quot;:&quot;1&quot;,&quot;cards_row_gap&quot;:{&quot;unit&quot;:&quot;px&quot;,&quot;size&quot;:35,&quot;sizes&quot;:[]},&quot;cards_row_gap_laptop&quot;:{&quot;unit&quot;:&quot;px&quot;,&quot;size&quot;:&quot;&quot;,&quot;sizes&quot;:[]},&quot;cards_row_gap_tablet_extra&quot;:{&quot;unit&quot;:&quot;px&quot;,&quot;size&quot;:&quot;&quot;,&quot;sizes&quot;:[]},&quot;cards_row_gap_tablet&quot;:{&quot;unit&quot;:&quot;px&quot;,&quot;size&quot;:&quot;&quot;,&quot;sizes&quot;:[]},&quot;cards_row_gap_mobile_extra&quot;:{&quot;unit&quot;:&quot;px&quot;,&quot;size&quot;:&quot;&quot;,&quot;sizes&quot;:[]},&quot;cards_row_gap_mobile&quot;:{&quot;unit&quot;:&quot;px&quot;,&quot;size&quot;:&quot;&quot;,&quot;sizes&quot;:[]}}\" data-widget_type=\"posts.cards\">\n\t\t\t\t<div class=\"elementor-widget-container\">\n\t\t\t\t\t\t\t<div class=\"elementor-posts-container elementor-posts elementor-posts--skin-cards elementor-grid\" role=\"list\">\n\t\t\t\t<article class=\"elementor-post elementor-grid-item post-1518 post type-post status-publish format-standard has-post-thumbnail hentry category-services\" role=\"listitem\">\n\t\t\t<div class=\"elementor-post__card\">\n\t\t\t\t<a class=\"elementor-post__thumbnail__link\" href=\"https:\/\/theatre-and-coach.fr\/?p=1518\" tabindex=\"-1\" ><div class=\"elementor-post__thumbnail\"><img fetchpriority=\"high\" decoding=\"async\" width=\"212\" height=\"300\" src=\"https:\/\/theatre-and-coach.fr\/wp-content\/uploads\/2022\/08\/Projet-artistique-le-28-07-2021-7-212x300.jpg\" class=\"attachment-medium size-medium wp-image-1520\" alt=\"\" srcset=\"https:\/\/theatre-and-coach.fr\/wp-content\/uploads\/2022\/08\/Projet-artistique-le-28-07-2021-7-212x300.jpg 212w, https:\/\/theatre-and-coach.fr\/wp-content\/uploads\/2022\/08\/Projet-artistique-le-28-07-2021-7-724x1024.jpg 724w, https:\/\/theatre-and-coach.fr\/wp-content\/uploads\/2022\/08\/Projet-artistique-le-28-07-2021-7-768x1087.jpg 768w, https:\/\/theatre-and-coach.fr\/wp-content\/uploads\/2022\/08\/Projet-artistique-le-28-07-2021-7-1086x1536.jpg 1086w, https:\/\/theatre-and-coach.fr\/wp-content\/uploads\/2022\/08\/Projet-artistique-le-28-07-2021-7.jpg 1357w\" sizes=\"(max-width: 212px) 100vw, 212px\" \/><\/div><\/a>\n\t\t\t\t<div class=\"elementor-post__text\">\n\t\t\t\t<h3 class=\"elementor-post__title\">\n\t\t\t<a href=\"https:\/\/theatre-and-coach.fr\/?p=1518\" >\n\t\t\t\tPr\u00e9paration d&rsquo;un projet artistique professionnel\t\t\t<\/a>\n\t\t<\/h3>\n\t\t\t\t<div class=\"elementor-post__excerpt\">\n\t\t\t<p>https:\/\/youtu.be\/rq-9Xvy_MHM Il permettra de vous faire conna\u00eetre, vous les artistes professionnels talentueux sur la sc\u00e8ne du th\u00e9\u00e2tre de Montsoult. Pour cela j&rsquo;ai besoin de parrains,<\/p>\n\t\t<\/div>\n\t\t\n\t\t<a class=\"elementor-post__read-more\" href=\"https:\/\/theatre-and-coach.fr\/?p=1518\" aria-label=\"En savoir plus sur Pr\u00e9paration d&rsquo;un projet artistique professionnel\" tabindex=\"-1\" >\n\t\t\tLire la suite \u00bb\t\t<\/a>\n\n\t\t\t\t<\/div>\n\t\t\t\t<div class=\"elementor-post__meta-data\">\n\t\t\t\t\t<span class=\"elementor-post-avatar\">\n\t\t\tAucun commentaire\t\t<\/span>\n\t\t\t\t<\/div>\n\t\t\t\t\t<\/div>\n\t\t<\/article>\n\t\t\t\t<article class=\"elementor-post elementor-grid-item post-1503 post type-post status-publish format-standard has-post-thumbnail hentry category-services\" role=\"listitem\">\n\t\t\t<div class=\"elementor-post__card\">\n\t\t\t\t<a class=\"elementor-post__thumbnail__link\" href=\"https:\/\/theatre-and-coach.fr\/?p=1503\" tabindex=\"-1\" ><div class=\"elementor-post__thumbnail\"><img decoding=\"async\" width=\"212\" height=\"300\" src=\"https:\/\/theatre-and-coach.fr\/wp-content\/uploads\/2022\/08\/Stage-de-theatre-sur-2-jours-212x300.jpg\" class=\"attachment-medium size-medium wp-image-1505\" alt=\"\" srcset=\"https:\/\/theatre-and-coach.fr\/wp-content\/uploads\/2022\/08\/Stage-de-theatre-sur-2-jours-212x300.jpg 212w, https:\/\/theatre-and-coach.fr\/wp-content\/uploads\/2022\/08\/Stage-de-theatre-sur-2-jours-724x1024.jpg 724w, https:\/\/theatre-and-coach.fr\/wp-content\/uploads\/2022\/08\/Stage-de-theatre-sur-2-jours-768x1087.jpg 768w, https:\/\/theatre-and-coach.fr\/wp-content\/uploads\/2022\/08\/Stage-de-theatre-sur-2-jours-1086x1536.jpg 1086w, https:\/\/theatre-and-coach.fr\/wp-content\/uploads\/2022\/08\/Stage-de-theatre-sur-2-jours.jpg 1357w\" sizes=\"(max-width: 212px) 100vw, 212px\" \/><\/div><\/a>\n\t\t\t\t<div class=\"elementor-post__text\">\n\t\t\t\t<h3 class=\"elementor-post__title\">\n\t\t\t<a href=\"https:\/\/theatre-and-coach.fr\/?p=1503\" >\n\t\t\t\tStage de deux jours en groupe ou en priv\u00e9\t\t\t<\/a>\n\t\t<\/h3>\n\t\t\t\t<div class=\"elementor-post__excerpt\">\n\t\t\t<p>Stage Priv\u00e9 de deux jours intenses, effectu\u00e9 avec Sophie-Alexandre Gautier une actrice pour un perfectionnement de son jeu par toutes les techniques de th\u00e9\u00e2tre, sur<\/p>\n\t\t<\/div>\n\t\t\n\t\t<a class=\"elementor-post__read-more\" href=\"https:\/\/theatre-and-coach.fr\/?p=1503\" aria-label=\"En savoir plus sur Stage de deux jours en groupe ou en priv\u00e9\" tabindex=\"-1\" >\n\t\t\tLire la suite \u00bb\t\t<\/a>\n\n\t\t\t\t<\/div>\n\t\t\t\t<div class=\"elementor-post__meta-data\">\n\t\t\t\t\t<span class=\"elementor-post-avatar\">\n\t\t\tAucun commentaire\t\t<\/span>\n\t\t\t\t<\/div>\n\t\t\t\t\t<\/div>\n\t\t<\/article>\n\t\t\t\t<article class=\"elementor-post elementor-grid-item post-1494 post type-post status-publish format-standard has-post-thumbnail hentry category-services\" role=\"listitem\">\n\t\t\t<div class=\"elementor-post__card\">\n\t\t\t\t<a class=\"elementor-post__thumbnail__link\" href=\"https:\/\/theatre-and-coach.fr\/?p=1494\" tabindex=\"-1\" ><div class=\"elementor-post__thumbnail\"><img decoding=\"async\" width=\"212\" height=\"300\" src=\"https:\/\/theatre-and-coach.fr\/wp-content\/uploads\/2022\/08\/Trac-ecole-de-theatre-face-7-212x300.jpg\" class=\"attachment-medium size-medium wp-image-1419\" alt=\"\" srcset=\"https:\/\/theatre-and-coach.fr\/wp-content\/uploads\/2022\/08\/Trac-ecole-de-theatre-face-7-212x300.jpg 212w, https:\/\/theatre-and-coach.fr\/wp-content\/uploads\/2022\/08\/Trac-ecole-de-theatre-face-7-724x1024.jpg 724w, https:\/\/theatre-and-coach.fr\/wp-content\/uploads\/2022\/08\/Trac-ecole-de-theatre-face-7-768x1087.jpg 768w, https:\/\/theatre-and-coach.fr\/wp-content\/uploads\/2022\/08\/Trac-ecole-de-theatre-face-7-1086x1536.jpg 1086w, https:\/\/theatre-and-coach.fr\/wp-content\/uploads\/2022\/08\/Trac-ecole-de-theatre-face-7.jpg 1357w\" sizes=\"(max-width: 212px) 100vw, 212px\" \/><\/div><\/a>\n\t\t\t\t<div class=\"elementor-post__text\">\n\t\t\t\t<h3 class=\"elementor-post__title\">\n\t\t\t<a href=\"https:\/\/theatre-and-coach.fr\/?p=1494\" >\n\t\t\t\tCours de th\u00e9\u00e2tre \u00e0 MONTSOULT\t\t\t<\/a>\n\t\t<\/h3>\n\t\t\t\t<div class=\"elementor-post__excerpt\">\n\t\t\t<p>Tarifs pour l&rsquo; adh\u00e9sion annuelle 2022\/2023 Cotisations des membres individuels 2022\/2023 1) Enfants de 08 \u00e0 11 ans &#8211; cotisation annuelle de 250\u20ac2) Adolescents de<\/p>\n\t\t<\/div>\n\t\t\n\t\t<a class=\"elementor-post__read-more\" href=\"https:\/\/theatre-and-coach.fr\/?p=1494\" aria-label=\"En savoir plus sur Cours de th\u00e9\u00e2tre \u00e0 MONTSOULT\" tabindex=\"-1\" >\n\t\t\tLire la suite \u00bb\t\t<\/a>\n\n\t\t\t\t<\/div>\n\t\t\t\t<div class=\"elementor-post__meta-data\">\n\t\t\t\t\t<span class=\"elementor-post-avatar\">\n\t\t\tAucun commentaire\t\t<\/span>\n\t\t\t\t<\/div>\n\t\t\t\t\t<\/div>\n\t\t<\/article>\n\t\t\t\t<article class=\"elementor-post elementor-grid-item post-1485 post type-post status-publish format-standard has-post-thumbnail hentry category-services\" role=\"listitem\">\n\t\t\t<div class=\"elementor-post__card\">\n\t\t\t\t<a class=\"elementor-post__thumbnail__link\" href=\"https:\/\/theatre-and-coach.fr\/?p=1485\" tabindex=\"-1\" ><div class=\"elementor-post__thumbnail\"><img loading=\"lazy\" decoding=\"async\" width=\"300\" height=\"184\" src=\"https:\/\/theatre-and-coach.fr\/wp-content\/uploads\/2022\/08\/Tract-formation-prise-de-parole-e-npublic-300x184.jpg\" class=\"attachment-medium size-medium wp-image-1487\" alt=\"\" srcset=\"https:\/\/theatre-and-coach.fr\/wp-content\/uploads\/2022\/08\/Tract-formation-prise-de-parole-e-npublic-300x184.jpg 300w, https:\/\/theatre-and-coach.fr\/wp-content\/uploads\/2022\/08\/Tract-formation-prise-de-parole-e-npublic-1024x626.jpg 1024w, https:\/\/theatre-and-coach.fr\/wp-content\/uploads\/2022\/08\/Tract-formation-prise-de-parole-e-npublic-768x470.jpg 768w, https:\/\/theatre-and-coach.fr\/wp-content\/uploads\/2022\/08\/Tract-formation-prise-de-parole-e-npublic-1536x940.jpg 1536w, https:\/\/theatre-and-coach.fr\/wp-content\/uploads\/2022\/08\/Tract-formation-prise-de-parole-e-npublic.jpg 1772w\" sizes=\"(max-width: 300px) 100vw, 300px\" \/><\/div><\/a>\n\t\t\t\t<div class=\"elementor-post__text\">\n\t\t\t\t<h3 class=\"elementor-post__title\">\n\t\t\t<a href=\"https:\/\/theatre-and-coach.fr\/?p=1485\" >\n\t\t\t\tFormation de prise de parole en public\t\t\t<\/a>\n\t\t<\/h3>\n\t\t\t\t<div class=\"elementor-post__excerpt\">\n\t\t\t<p>Formation Pourquoi effectuer de la prise de parole en public ? 5 bonnes raisons de faire une formation de \u00ab\u00a0prise de parole en public\u00a0\u00bb M\u00eame<\/p>\n\t\t<\/div>\n\t\t\n\t\t<a class=\"elementor-post__read-more\" href=\"https:\/\/theatre-and-coach.fr\/?p=1485\" aria-label=\"En savoir plus sur Formation de prise de parole en public\" tabindex=\"-1\" >\n\t\t\tLire la suite \u00bb\t\t<\/a>\n\n\t\t\t\t<\/div>\n\t\t\t\t<div class=\"elementor-post__meta-data\">\n\t\t\t\t\t<span class=\"elementor-post-avatar\">\n\t\t\tAucun commentaire\t\t<\/span>\n\t\t\t\t<\/div>\n\t\t\t\t\t<\/div>\n\t\t<\/article>\n\t\t\t\t<article class=\"elementor-post elementor-grid-item post-1470 post type-post status-publish format-standard has-post-thumbnail hentry category-services\" role=\"listitem\">\n\t\t\t<div class=\"elementor-post__card\">\n\t\t\t\t<a class=\"elementor-post__thumbnail__link\" href=\"https:\/\/theatre-and-coach.fr\/?p=1470\" tabindex=\"-1\" ><div class=\"elementor-post__thumbnail\"><img loading=\"lazy\" decoding=\"async\" width=\"300\" height=\"200\" src=\"https:\/\/theatre-and-coach.fr\/wp-content\/uploads\/2022\/08\/180510282_940996820010411_2103301191845953750_n-300x200.jpg\" class=\"attachment-medium size-medium wp-image-1475\" alt=\"\" srcset=\"https:\/\/theatre-and-coach.fr\/wp-content\/uploads\/2022\/08\/180510282_940996820010411_2103301191845953750_n-300x200.jpg 300w, https:\/\/theatre-and-coach.fr\/wp-content\/uploads\/2022\/08\/180510282_940996820010411_2103301191845953750_n-1024x682.jpg 1024w, https:\/\/theatre-and-coach.fr\/wp-content\/uploads\/2022\/08\/180510282_940996820010411_2103301191845953750_n-768x512.jpg 768w, https:\/\/theatre-and-coach.fr\/wp-content\/uploads\/2022\/08\/180510282_940996820010411_2103301191845953750_n-1536x1023.jpg 1536w, https:\/\/theatre-and-coach.fr\/wp-content\/uploads\/2022\/08\/180510282_940996820010411_2103301191845953750_n.jpg 1920w\" sizes=\"(max-width: 300px) 100vw, 300px\" \/><\/div><\/a>\n\t\t\t\t<div class=\"elementor-post__text\">\n\t\t\t\t<h3 class=\"elementor-post__title\">\n\t\t\t<a href=\"https:\/\/theatre-and-coach.fr\/?p=1470\" >\n\t\t\t\tLe coaching d&rsquo;artistes\t\t\t<\/a>\n\t\t<\/h3>\n\t\t\t\t<div class=\"elementor-post__excerpt\">\n\t\t\t<p>C&rsquo;est un accompagnement personnalis\u00e9 au changement, ax\u00e9 sur votre projet artistique. Chacun \u00e0 sa propre probl\u00e9matique dont voici quelques exemples : \u00a0 je voudrais pr\u00e9parer<\/p>\n\t\t<\/div>\n\t\t\n\t\t<a class=\"elementor-post__read-more\" href=\"https:\/\/theatre-and-coach.fr\/?p=1470\" aria-label=\"En savoir plus sur Le coaching d&rsquo;artistes\" tabindex=\"-1\" >\n\t\t\tLire la suite \u00bb\t\t<\/a>\n\n\t\t\t\t<\/div>\n\t\t\t\t<div class=\"elementor-post__meta-data\">\n\t\t\t\t\t<span class=\"elementor-post-avatar\">\n\t\t\tAucun commentaire\t\t<\/span>\n\t\t\t\t<\/div>\n\t\t\t\t\t<\/div>\n\t\t<\/article>\n\t\t\t\t<\/div>\n\t\t\n\t\t\t\t\t\t<\/div>\n\t\t\t\t<\/div>\n\t\t\t\t\t<\/div>\n\t\t<\/div>\n\t\t\t\t\t<\/div>\n\t\t<\/section>\n\t\t\t\t<div class=\"elementor-element elementor-element-c2cbe0d elementor-widget elementor-widget-spacer\" data-id=\"c2cbe0d\" data-element_type=\"widget\" data-e-type=\"widget\" data-widget_type=\"spacer.default\">\n\t\t\t\t<div class=\"elementor-widget-container\">\n\t\t\t\t\t\t\t<div class=\"elementor-spacer\">\n\t\t\t<div class=\"elementor-spacer-inner\"><\/div>\n\t\t<\/div>\n\t\t\t\t\t\t<\/div>\n\t\t\t\t<\/div>\n\t\t\t\t\t<\/div>\n\t\t<\/div>\n\t\t\t\t\t<\/div>\n\t\t<\/section>\n\t\t\t\t<\/div>\n\t\t","protected":false},"excerpt":{"rendered":"","protected":false},"author":1,"featured_media":0,"parent":0,"menu_order":0,"comment_status":"closed","ping_status":"closed","template":"","meta":{"_monsterinsights_skip_tracking":false,"_monsterinsights_sitenote_active":false,"_monsterinsights_sitenote_note":"","_monsterinsights_sitenote_category":0,"footnotes":""},"class_list":["post-407","page","type-page","status-publish","hentry"],"aioseo_notices":[],"_links":{"self":[{"href":"https:\/\/theatre-and-coach.fr\/index.php?rest_route=\/wp\/v2\/pages\/407","targetHints":{"allow":["GET"]}}],"collection":[{"href":"https:\/\/theatre-and-coach.fr\/index.php?rest_route=\/wp\/v2\/pages"}],"about":[{"href":"https:\/\/theatre-and-coach.fr\/index.php?rest_route=\/wp\/v2\/types\/page"}],"author":[{"embeddable":true,"href":"https:\/\/theatre-and-coach.fr\/index.php?rest_route=\/wp\/v2\/users\/1"}],"replies":[{"embeddable":true,"href":"https:\/\/theatre-and-coach.fr\/index.php?rest_route=%2Fwp%2Fv2%2Fcomments&post=407"}],"version-history":[{"count":1,"href":"https:\/\/theatre-and-coach.fr\/index.php?rest_route=\/wp\/v2\/pages\/407\/revisions"}],"predecessor-version":[{"id":5789,"href":"https:\/\/theatre-and-coach.fr\/index.php?rest_route=\/wp\/v2\/pages\/407\/revisions\/5789"}],"wp:attachment":[{"href":"https:\/\/theatre-and-coach.fr\/index.php?rest_route=%2Fwp%2Fv2%2Fmedia&parent=407"}],"curies":[{"name":"wp","href":"https:\/\/api.w.org\/{rel}","templated":true}]}}