{"id":1712,"date":"2022-08-08T05:14:59","date_gmt":"2022-08-08T05:14:59","guid":{"rendered":"https:\/\/theatre-and-coach.fr\/?page_id=1712"},"modified":"2022-08-08T07:10:33","modified_gmt":"2022-08-08T07:10:33","slug":"histoire-theatre-et-culture","status":"publish","type":"page","link":"https:\/\/theatre-and-coach.fr\/?page_id=1712","title":{"rendered":"Histoire, th\u00e9\u00e2tre et culture"},"content":{"rendered":"\t\t<div data-elementor-type=\"wp-page\" data-elementor-id=\"1712\" class=\"elementor elementor-1712\" data-elementor-post-type=\"page\">\n\t\t\t\t\t\t<section class=\"elementor-section elementor-top-section elementor-element elementor-element-69b7029d elementor-section-full_width elementor-section-height-default elementor-section-height-default\" data-id=\"69b7029d\" data-element_type=\"section\" data-e-type=\"section\" data-settings=\"{&quot;background_background&quot;:&quot;classic&quot;}\">\n\t\t\t\t\t\t\t<div class=\"elementor-background-overlay\"><\/div>\n\t\t\t\t\t\t\t<div class=\"elementor-container elementor-column-gap-default\">\n\t\t\t\t\t<div class=\"elementor-column elementor-col-100 elementor-top-column elementor-element elementor-element-593b9278\" data-id=\"593b9278\" data-element_type=\"column\" data-e-type=\"column\">\n\t\t\t<div class=\"elementor-widget-wrap elementor-element-populated\">\n\t\t\t\t\t\t<section class=\"elementor-section elementor-inner-section elementor-element elementor-element-1ce7340 elementor-section-boxed elementor-section-height-default elementor-section-height-default\" data-id=\"1ce7340\" data-element_type=\"section\" data-e-type=\"section\" data-settings=\"{&quot;sticky&quot;:&quot;top&quot;,&quot;sticky_offset&quot;:50,&quot;sticky_offset_mobile&quot;:30,&quot;sticky_on&quot;:[&quot;desktop&quot;,&quot;laptop&quot;,&quot;tablet_extra&quot;,&quot;tablet&quot;,&quot;mobile_extra&quot;,&quot;mobile&quot;],&quot;sticky_effects_offset&quot;:0,&quot;sticky_anchor_link_offset&quot;:0}\">\n\t\t\t\t\t\t<div class=\"elementor-container elementor-column-gap-default\">\n\t\t\t\t\t<div class=\"elementor-column elementor-col-100 elementor-inner-column elementor-element elementor-element-97c177d\" data-id=\"97c177d\" data-element_type=\"column\" data-e-type=\"column\">\n\t\t\t<div class=\"elementor-widget-wrap elementor-element-populated\">\n\t\t\t\t\t\t<div class=\"elementor-element elementor-element-eacd21e elementor-widget__width-auto elementor-widget elementor-widget-button\" data-id=\"eacd21e\" data-element_type=\"widget\" data-e-type=\"widget\" data-widget_type=\"button.default\">\n\t\t\t\t<div class=\"elementor-widget-container\">\n\t\t\t\t\t\t\t\t\t<div class=\"elementor-button-wrapper\">\n\t\t\t\t\t<a class=\"elementor-button elementor-button-link elementor-size-md\" href=\"#\">\n\t\t\t\t\t\t<span class=\"elementor-button-content-wrapper\">\n\t\t\t\t\t\t\t\t\t<span class=\"elementor-button-text\">Histoire<\/span>\n\t\t\t\t\t<\/span>\n\t\t\t\t\t<\/a>\n\t\t\t\t<\/div>\n\t\t\t\t\t\t\t\t<\/div>\n\t\t\t\t<\/div>\n\t\t\t\t<div class=\"elementor-element elementor-element-b443bf5 elementor-widget__width-auto elementor-widget elementor-widget-button\" data-id=\"b443bf5\" data-element_type=\"widget\" data-e-type=\"widget\" data-widget_type=\"button.default\">\n\t\t\t\t<div class=\"elementor-widget-container\">\n\t\t\t\t\t\t\t\t\t<div class=\"elementor-button-wrapper\">\n\t\t\t\t\t<a class=\"elementor-button elementor-button-link elementor-size-md\" href=\"#\">\n\t\t\t\t\t\t<span class=\"elementor-button-content-wrapper\">\n\t\t\t\t\t\t\t\t\t<span class=\"elementor-button-text\">Th\u00e9\u00e2tre<\/span>\n\t\t\t\t\t<\/span>\n\t\t\t\t\t<\/a>\n\t\t\t\t<\/div>\n\t\t\t\t\t\t\t\t<\/div>\n\t\t\t\t<\/div>\n\t\t\t\t<div class=\"elementor-element elementor-element-555daff elementor-widget__width-auto elementor-widget elementor-widget-button\" data-id=\"555daff\" data-element_type=\"widget\" data-e-type=\"widget\" data-widget_type=\"button.default\">\n\t\t\t\t<div class=\"elementor-widget-container\">\n\t\t\t\t\t\t\t\t\t<div class=\"elementor-button-wrapper\">\n\t\t\t\t\t<a class=\"elementor-button elementor-button-link elementor-size-md\" href=\"#\">\n\t\t\t\t\t\t<span class=\"elementor-button-content-wrapper\">\n\t\t\t\t\t\t\t\t\t<span class=\"elementor-button-text\">Culture<\/span>\n\t\t\t\t\t<\/span>\n\t\t\t\t\t<\/a>\n\t\t\t\t<\/div>\n\t\t\t\t\t\t\t\t<\/div>\n\t\t\t\t<\/div>\n\t\t\t\t\t<\/div>\n\t\t<\/div>\n\t\t\t\t\t<\/div>\n\t\t<\/section>\n\t\t\t\t<div class=\"elementor-element elementor-element-755fa9c4 elementor-widget elementor-widget-spacer\" data-id=\"755fa9c4\" data-element_type=\"widget\" data-e-type=\"widget\" data-widget_type=\"spacer.default\">\n\t\t\t\t<div class=\"elementor-widget-container\">\n\t\t\t\t\t\t\t<div class=\"elementor-spacer\">\n\t\t\t<div class=\"elementor-spacer-inner\"><\/div>\n\t\t<\/div>\n\t\t\t\t\t\t<\/div>\n\t\t\t\t<\/div>\n\t\t\t\t<div class=\"elementor-element elementor-element-73c46a77 elementor-widget__width-auto elementor-widget elementor-widget-image\" data-id=\"73c46a77\" data-element_type=\"widget\" data-e-type=\"widget\" data-widget_type=\"image.default\">\n\t\t\t\t<div class=\"elementor-widget-container\">\n\t\t\t\t\t\t\t\t\t\t\t\t\t\t\t<img fetchpriority=\"high\" decoding=\"async\" width=\"768\" height=\"276\" src=\"https:\/\/theatre-and-coach.fr\/wp-content\/uploads\/2022\/08\/Copie-de-Party-768x276.jpg\" class=\"attachment-medium_large size-medium_large wp-image-1723\" alt=\"\" srcset=\"https:\/\/theatre-and-coach.fr\/wp-content\/uploads\/2022\/08\/Copie-de-Party-768x276.jpg 768w, https:\/\/theatre-and-coach.fr\/wp-content\/uploads\/2022\/08\/Copie-de-Party-300x108.jpg 300w, https:\/\/theatre-and-coach.fr\/wp-content\/uploads\/2022\/08\/Copie-de-Party-1024x367.jpg 1024w, https:\/\/theatre-and-coach.fr\/wp-content\/uploads\/2022\/08\/Copie-de-Party-1536x551.jpg 1536w, https:\/\/theatre-and-coach.fr\/wp-content\/uploads\/2022\/08\/Copie-de-Party.jpg 1920w\" sizes=\"(max-width: 768px) 100vw, 768px\" \/>\t\t\t\t\t\t\t\t\t\t\t\t\t\t\t<\/div>\n\t\t\t\t<\/div>\n\t\t\t\t<div class=\"elementor-element elementor-element-84e1395 elementor-widget elementor-widget-heading\" data-id=\"84e1395\" data-element_type=\"widget\" data-e-type=\"widget\" data-widget_type=\"heading.default\">\n\t\t\t\t<div class=\"elementor-widget-container\">\n\t\t\t\t\t<h2 class=\"elementor-heading-title elementor-size-default\">HISTOIRE  DU THE\u00c2TRE A TRAVERS LES \u00c2GES<\/h2>\t\t\t\t<\/div>\n\t\t\t\t<\/div>\n\t\t\t\t<div class=\"elementor-element elementor-element-21577a74 elementor-widget elementor-widget-text-editor\" data-id=\"21577a74\" data-element_type=\"widget\" data-e-type=\"widget\" data-widget_type=\"text-editor.default\">\n\t\t\t\t<div class=\"elementor-widget-container\">\n\t\t\t\t\t\t\t\t\t<div class=\"blog blog-basic thumb-float no-grid b b-s\"><div class=\"blog-wrapper b-cs\"><div class=\"blog-container\"><article class=\"item\"><div class=\"item-wrapper\"><div class=\"item-content\"><div class=\"item-perex\"><div class=\"perex\"><h2><img decoding=\"async\" class=\"alignnone size-full wp-image-1730\" src=\"https:\/\/theatre-and-coach.fr\/wp-content\/uploads\/2022\/08\/155147450_256253172671209_5988103820702333529_n.jpg\" alt=\"\" width=\"250\" height=\"268\" \/><\/h2><h2 class=\"perex-content\"><strong>Le th\u00e9\u00e2tre traverse les \u00e2ges depuis 25 si\u00e8cles, il permet \u00e0 la fois d&rsquo;interpr\u00e9ter les plus belles oeuvres de la litt\u00e9rature fran\u00e7aise, mais aussi de pouvoir nous exprimer sur sc\u00e8ne comme dans nos vies personnelles.<\/strong><\/h2><h2 class=\"perex-content\"><strong> Aujourd&rsquo;hui il devrait \u00eatre consid\u00e9r\u00e9 d&rsquo;utilit\u00e9 publique, il est avec tout le reste de la culture \u00e0 pouvoir r\u00e9unir toutes les g\u00e9n\u00e9rations, les \u00eatres du monde entier, alors respectons le th\u00e9\u00e2tre en continuant \u00e0 le faire vivre et le faire conna\u00eetre. Il est et sera toujours l&rsquo; ambassadeur du monde.<\/strong><\/h2><\/div><\/div><\/div><\/div><\/article><\/div><\/div><div class=\"blog-empty-listing\">\u00a0<\/div><\/div><p><strong>Voici les premi\u00e8res interpr\u00e9tations au VI\u00e8me et V\u00e8me si\u00e8cles : Le th\u00e9\u00e2tre grec est n\u00e9 et s&rsquo; est d\u00e9velopp\u00e9 au cours des VIe et Ve si\u00e8cles avant Jesus-Christ. Il s&rsquo;agissait au d\u00e9but de c\u00e9r\u00e9monies religieuses, c\u00e9l\u00e9br\u00e9es en l&rsquo;honneur de Dionysos (le dieu du vin et de la f\u00eate). <\/strong><\/p><p><strong>Au d\u00e9but du th\u00e9\u00e2tre grec, on jouait des \u00ab\u00a0trag\u00e9dies\u00a0\u00bb: pi\u00e8ces qui racontaient des histoires dramatiques. Ce n&rsquo;est qu&rsquo;\u00e0 la fin du Ve si\u00e8cle av. J.C. que les \u00ab\u00a0com\u00e9dies\u00a0\u00bb, pi\u00e8ces qui racontaient des histoires dr\u00f4les, apparurent. Plusieurs auteurs les ont \u00e9crites, on parle aujourd&rsquo;hui de trois auteurs c\u00e9l\u00e8bres : ESCHYLE, SOPHOCLE et EURIPIDE. Les personnages pr\u00e9f\u00e9r\u00e9s \u00e9taient les bouffons, les esclaves et les serviteurs. Une troisi\u00e8me forme de pi\u00e8ce existait : Les dithyrambes, chants religieux.<br \/><\/strong><\/p><p><strong>Bonne lecture.<\/strong><\/p>\t\t\t\t\t\t\t\t<\/div>\n\t\t\t\t<\/div>\n\t\t\t\t<div class=\"elementor-element elementor-element-50e15441 elementor-widget elementor-widget-spacer\" data-id=\"50e15441\" data-element_type=\"widget\" data-e-type=\"widget\" data-widget_type=\"spacer.default\">\n\t\t\t\t<div class=\"elementor-widget-container\">\n\t\t\t\t\t\t\t<div class=\"elementor-spacer\">\n\t\t\t<div class=\"elementor-spacer-inner\"><\/div>\n\t\t<\/div>\n\t\t\t\t\t\t<\/div>\n\t\t\t\t<\/div>\n\t\t\t\t<div class=\"elementor-element elementor-element-0c881f2 elementor-grid-3 elementor-grid-tablet-2 elementor-grid-mobile-1 elementor-posts--thumbnail-top elementor-card-shadow-yes elementor-posts__hover-gradient elementor-widget elementor-widget-posts\" data-id=\"0c881f2\" data-element_type=\"widget\" data-e-type=\"widget\" data-settings=\"{&quot;cards_columns&quot;:&quot;3&quot;,&quot;cards_columns_tablet&quot;:&quot;2&quot;,&quot;cards_columns_mobile&quot;:&quot;1&quot;,&quot;cards_row_gap&quot;:{&quot;unit&quot;:&quot;px&quot;,&quot;size&quot;:35,&quot;sizes&quot;:[]},&quot;cards_row_gap_laptop&quot;:{&quot;unit&quot;:&quot;px&quot;,&quot;size&quot;:&quot;&quot;,&quot;sizes&quot;:[]},&quot;cards_row_gap_tablet_extra&quot;:{&quot;unit&quot;:&quot;px&quot;,&quot;size&quot;:&quot;&quot;,&quot;sizes&quot;:[]},&quot;cards_row_gap_tablet&quot;:{&quot;unit&quot;:&quot;px&quot;,&quot;size&quot;:&quot;&quot;,&quot;sizes&quot;:[]},&quot;cards_row_gap_mobile_extra&quot;:{&quot;unit&quot;:&quot;px&quot;,&quot;size&quot;:&quot;&quot;,&quot;sizes&quot;:[]},&quot;cards_row_gap_mobile&quot;:{&quot;unit&quot;:&quot;px&quot;,&quot;size&quot;:&quot;&quot;,&quot;sizes&quot;:[]}}\" data-widget_type=\"posts.cards\">\n\t\t\t\t<div class=\"elementor-widget-container\">\n\t\t\t\t\t\t\t<div class=\"elementor-posts-container elementor-posts elementor-posts--skin-cards elementor-grid\" role=\"list\">\n\t\t\t\t<article class=\"elementor-post elementor-grid-item post-1806 post type-post status-publish format-standard has-post-thumbnail hentry category-histoire\" role=\"listitem\">\n\t\t\t<div class=\"elementor-post__card\">\n\t\t\t\t<a class=\"elementor-post__thumbnail__link\" href=\"https:\/\/theatre-and-coach.fr\/?p=1806\" tabindex=\"-1\" ><div class=\"elementor-post__thumbnail\"><img decoding=\"async\" width=\"768\" height=\"512\" src=\"https:\/\/theatre-and-coach.fr\/wp-content\/uploads\/2022\/08\/Theatre-du-Chatelet-768x512.jpg\" class=\"attachment-medium_large size-medium_large wp-image-1809\" alt=\"\" srcset=\"https:\/\/theatre-and-coach.fr\/wp-content\/uploads\/2022\/08\/Theatre-du-Chatelet-768x512.jpg 768w, https:\/\/theatre-and-coach.fr\/wp-content\/uploads\/2022\/08\/Theatre-du-Chatelet-300x200.jpg 300w, https:\/\/theatre-and-coach.fr\/wp-content\/uploads\/2022\/08\/Theatre-du-Chatelet-1024x682.jpg 1024w, https:\/\/theatre-and-coach.fr\/wp-content\/uploads\/2022\/08\/Theatre-du-Chatelet-1536x1023.jpg 1536w, https:\/\/theatre-and-coach.fr\/wp-content\/uploads\/2022\/08\/Theatre-du-Chatelet.jpg 1920w\" sizes=\"(max-width: 768px) 100vw, 768px\" \/><\/div><\/a>\n\t\t\t\t<div class=\"elementor-post__text\">\n\t\t\t\t<h3 class=\"elementor-post__title\">\n\t\t\t<a href=\"https:\/\/theatre-and-coach.fr\/?p=1806\" >\n\t\t\t\tLe th\u00e9\u00e2tre au XX\u00e8me si\u00e8cle\t\t\t<\/a>\n\t\t<\/h3>\n\t\t\t\t<div class=\"elementor-post__excerpt\">\n\t\t\t<p>Suite sur l&rsquo;histoire du th\u00e9\u00e2tre, je vous emm\u00e8ne au XX\u00e8me si\u00e8cle. Bonne lectureLe th\u00e9\u00e2tre du XXe si\u00e8cleTh\u00e9\u00e2tre de boulevard et th\u00e9\u00e2tre satiriqueL&rsquo;engouement populaire pour le<\/p>\n\t\t<\/div>\n\t\t\n\t\t<a class=\"elementor-post__read-more\" href=\"https:\/\/theatre-and-coach.fr\/?p=1806\" aria-label=\"En savoir plus sur Le th\u00e9\u00e2tre au XX\u00e8me si\u00e8cle\" tabindex=\"-1\" >\n\t\t\tLire la suite \u00bb\t\t<\/a>\n\n\t\t\t\t<\/div>\n\t\t\t\t<div class=\"elementor-post__meta-data\">\n\t\t\t\t\t<span class=\"elementor-post-date\">\n\t\t\tao\u00fbt 8, 2022\t\t<\/span>\n\t\t\t\t<span class=\"elementor-post-avatar\">\n\t\t\tAucun commentaire\t\t<\/span>\n\t\t\t\t<\/div>\n\t\t\t\t\t<\/div>\n\t\t<\/article>\n\t\t\t\t<article class=\"elementor-post elementor-grid-item post-1796 post type-post status-publish format-standard has-post-thumbnail hentry category-histoire\" role=\"listitem\">\n\t\t\t<div class=\"elementor-post__card\">\n\t\t\t\t<a class=\"elementor-post__thumbnail__link\" href=\"https:\/\/theatre-and-coach.fr\/?p=1796\" tabindex=\"-1\" ><div class=\"elementor-post__thumbnail\"><img loading=\"lazy\" decoding=\"async\" width=\"275\" height=\"183\" src=\"https:\/\/theatre-and-coach.fr\/wp-content\/uploads\/2022\/08\/Scene-de-theatre-au-XIXeme-siecle.jpg\" class=\"attachment-medium_large size-medium_large wp-image-1799\" alt=\"\" \/><\/div><\/a>\n\t\t\t\t<div class=\"elementor-post__text\">\n\t\t\t\t<h3 class=\"elementor-post__title\">\n\t\t\t<a href=\"https:\/\/theatre-and-coach.fr\/?p=1796\" >\n\t\t\t\tLe th\u00e9\u00e2tre au XIX\u00e8me si\u00e8cle\t\t\t<\/a>\n\t\t<\/h3>\n\t\t\t\t<div class=\"elementor-post__excerpt\">\n\t\t\t<p>Bonjour \u00e0 tous, Continuons notre voyages dans le temps avec le th\u00e9\u00e2tre au XIX\u00e8me si\u00e8cle. LE THE\u00c2TRE AU XIX\u00e8me SIECLE 1)\u00a0DRAME ROMANTIQUE\u00a0 \u00a0A) LE ROMANTISME<\/p>\n\t\t<\/div>\n\t\t\n\t\t<a class=\"elementor-post__read-more\" href=\"https:\/\/theatre-and-coach.fr\/?p=1796\" aria-label=\"En savoir plus sur Le th\u00e9\u00e2tre au XIX\u00e8me si\u00e8cle\" tabindex=\"-1\" >\n\t\t\tLire la suite \u00bb\t\t<\/a>\n\n\t\t\t\t<\/div>\n\t\t\t\t<div class=\"elementor-post__meta-data\">\n\t\t\t\t\t<span class=\"elementor-post-date\">\n\t\t\tao\u00fbt 8, 2022\t\t<\/span>\n\t\t\t\t<span class=\"elementor-post-avatar\">\n\t\t\tAucun commentaire\t\t<\/span>\n\t\t\t\t<\/div>\n\t\t\t\t\t<\/div>\n\t\t<\/article>\n\t\t\t\t<article class=\"elementor-post elementor-grid-item post-1786 post type-post status-publish format-standard has-post-thumbnail hentry category-histoire\" role=\"listitem\">\n\t\t\t<div class=\"elementor-post__card\">\n\t\t\t\t<a class=\"elementor-post__thumbnail__link\" href=\"https:\/\/theatre-and-coach.fr\/?p=1786\" tabindex=\"-1\" ><div class=\"elementor-post__thumbnail\"><img loading=\"lazy\" decoding=\"async\" width=\"649\" height=\"471\" src=\"https:\/\/theatre-and-coach.fr\/wp-content\/uploads\/2022\/08\/Theatre-au-19-eme-siecle.jpg\" class=\"attachment-medium_large size-medium_large wp-image-1789\" alt=\"\" srcset=\"https:\/\/theatre-and-coach.fr\/wp-content\/uploads\/2022\/08\/Theatre-au-19-eme-siecle.jpg 649w, https:\/\/theatre-and-coach.fr\/wp-content\/uploads\/2022\/08\/Theatre-au-19-eme-siecle-300x218.jpg 300w\" sizes=\"(max-width: 649px) 100vw, 649px\" \/><\/div><\/a>\n\t\t\t\t<div class=\"elementor-post__text\">\n\t\t\t\t<h3 class=\"elementor-post__title\">\n\t\t\t<a href=\"https:\/\/theatre-and-coach.fr\/?p=1786\" >\n\t\t\t\tLe th\u00e9\u00e2tre au XVIIIe si\u00e8cle\t\t\t<\/a>\n\t\t<\/h3>\n\t\t\t\t<div class=\"elementor-post__excerpt\">\n\t\t\t<p>Bonjour \u00e0 tous, Suite le th\u00e9\u00e2tre au XVIIIe si\u00e8cle,\u00a0 Bonne lecture. Le renouvellement de la trag\u00e9die : Le d\u00e9but du XVIII\u00e8me si\u00e8cle marque le d\u00e9clin<\/p>\n\t\t<\/div>\n\t\t\n\t\t<a class=\"elementor-post__read-more\" href=\"https:\/\/theatre-and-coach.fr\/?p=1786\" aria-label=\"En savoir plus sur Le th\u00e9\u00e2tre au XVIIIe si\u00e8cle\" tabindex=\"-1\" >\n\t\t\tLire la suite \u00bb\t\t<\/a>\n\n\t\t\t\t<\/div>\n\t\t\t\t<div class=\"elementor-post__meta-data\">\n\t\t\t\t\t<span class=\"elementor-post-date\">\n\t\t\tao\u00fbt 8, 2022\t\t<\/span>\n\t\t\t\t<span class=\"elementor-post-avatar\">\n\t\t\tAucun commentaire\t\t<\/span>\n\t\t\t\t<\/div>\n\t\t\t\t\t<\/div>\n\t\t<\/article>\n\t\t\t\t<article class=\"elementor-post elementor-grid-item post-1776 post type-post status-publish format-standard has-post-thumbnail hentry category-histoire\" role=\"listitem\">\n\t\t\t<div class=\"elementor-post__card\">\n\t\t\t\t<a class=\"elementor-post__thumbnail__link\" href=\"https:\/\/theatre-and-coach.fr\/?p=1776\" tabindex=\"-1\" ><div class=\"elementor-post__thumbnail\"><img loading=\"lazy\" decoding=\"async\" width=\"646\" height=\"444\" src=\"https:\/\/theatre-and-coach.fr\/wp-content\/uploads\/2022\/08\/Komedia.jpg\" class=\"attachment-medium_large size-medium_large wp-image-1779\" alt=\"\" srcset=\"https:\/\/theatre-and-coach.fr\/wp-content\/uploads\/2022\/08\/Komedia.jpg 646w, https:\/\/theatre-and-coach.fr\/wp-content\/uploads\/2022\/08\/Komedia-300x206.jpg 300w\" sizes=\"(max-width: 646px) 100vw, 646px\" \/><\/div><\/a>\n\t\t\t\t<div class=\"elementor-post__text\">\n\t\t\t\t<h3 class=\"elementor-post__title\">\n\t\t\t<a href=\"https:\/\/theatre-and-coach.fr\/?p=1776\" >\n\t\t\t\tTh\u00e9\u00e2tre au 17\u00e8me si\u00e8cle\t\t\t<\/a>\n\t\t<\/h3>\n\t\t\t\t<div class=\"elementor-post__excerpt\">\n\t\t\t<p>Bonjour \u00e0 tous, Suite de l&rsquo;histoire du th\u00e9\u00e2tre, aujourd&rsquo;hui nous parlerons du th\u00e9\u00e2tre au 17\u00e8me si\u00e8cle. Bonne lecture. La Trag\u00e9die : Reprenant les th\u00e9ories de<\/p>\n\t\t<\/div>\n\t\t\n\t\t<a class=\"elementor-post__read-more\" href=\"https:\/\/theatre-and-coach.fr\/?p=1776\" aria-label=\"En savoir plus sur Th\u00e9\u00e2tre au 17\u00e8me si\u00e8cle\" tabindex=\"-1\" >\n\t\t\tLire la suite \u00bb\t\t<\/a>\n\n\t\t\t\t<\/div>\n\t\t\t\t<div class=\"elementor-post__meta-data\">\n\t\t\t\t\t<span class=\"elementor-post-date\">\n\t\t\tao\u00fbt 8, 2022\t\t<\/span>\n\t\t\t\t<span class=\"elementor-post-avatar\">\n\t\t\tAucun commentaire\t\t<\/span>\n\t\t\t\t<\/div>\n\t\t\t\t\t<\/div>\n\t\t<\/article>\n\t\t\t\t<article class=\"elementor-post elementor-grid-item post-1754 post type-post status-publish format-standard has-post-thumbnail hentry category-histoire\" role=\"listitem\">\n\t\t\t<div class=\"elementor-post__card\">\n\t\t\t\t<a class=\"elementor-post__thumbnail__link\" href=\"https:\/\/theatre-and-coach.fr\/?p=1754\" tabindex=\"-1\" ><div class=\"elementor-post__thumbnail\"><img loading=\"lazy\" decoding=\"async\" width=\"400\" height=\"300\" src=\"https:\/\/theatre-and-coach.fr\/wp-content\/uploads\/2022\/08\/commedia.jpg\" class=\"attachment-medium_large size-medium_large wp-image-1763\" alt=\"\" srcset=\"https:\/\/theatre-and-coach.fr\/wp-content\/uploads\/2022\/08\/commedia.jpg 400w, https:\/\/theatre-and-coach.fr\/wp-content\/uploads\/2022\/08\/commedia-300x225.jpg 300w\" sizes=\"(max-width: 400px) 100vw, 400px\" \/><\/div><\/a>\n\t\t\t\t<div class=\"elementor-post__text\">\n\t\t\t\t<h3 class=\"elementor-post__title\">\n\t\t\t<a href=\"https:\/\/theatre-and-coach.fr\/?p=1754\" >\n\t\t\t\tXV\u00e8me et XVI\u00e8me si\u00e8cles\t\t\t<\/a>\n\t\t<\/h3>\n\t\t\t\t<div class=\"elementor-post__excerpt\">\n\t\t\t<p>Nous continuons d&rsquo;avancer dans les si\u00e8cles du th\u00e9\u00e2tre.\u00a0 Aujourd&rsquo;hui les XV\u00e8me et XVI\u00e8me si\u00e8cles.Au XVe si\u00e8cle, on red\u00e9couvre les trag\u00e9dies de T\u00e9rence et de S\u00e9n\u00e8que.<\/p>\n\t\t<\/div>\n\t\t\n\t\t<a class=\"elementor-post__read-more\" href=\"https:\/\/theatre-and-coach.fr\/?p=1754\" aria-label=\"En savoir plus sur XV\u00e8me et XVI\u00e8me si\u00e8cles\" tabindex=\"-1\" >\n\t\t\tLire la suite \u00bb\t\t<\/a>\n\n\t\t\t\t<\/div>\n\t\t\t\t<div class=\"elementor-post__meta-data\">\n\t\t\t\t\t<span class=\"elementor-post-date\">\n\t\t\tao\u00fbt 8, 2022\t\t<\/span>\n\t\t\t\t<span class=\"elementor-post-avatar\">\n\t\t\tAucun commentaire\t\t<\/span>\n\t\t\t\t<\/div>\n\t\t\t\t\t<\/div>\n\t\t<\/article>\n\t\t\t\t<article class=\"elementor-post elementor-grid-item post-1727 post type-post status-publish format-standard has-post-thumbnail hentry category-histoire\" role=\"listitem\">\n\t\t\t<div class=\"elementor-post__card\">\n\t\t\t\t<a class=\"elementor-post__thumbnail__link\" href=\"https:\/\/theatre-and-coach.fr\/?p=1727\" tabindex=\"-1\" ><div class=\"elementor-post__thumbnail\"><img loading=\"lazy\" decoding=\"async\" width=\"768\" height=\"584\" src=\"https:\/\/theatre-and-coach.fr\/wp-content\/uploads\/2022\/08\/QUIZ_Theatre-medieval_557-768x584.jpeg\" class=\"attachment-medium_large size-medium_large wp-image-1735\" alt=\"\" srcset=\"https:\/\/theatre-and-coach.fr\/wp-content\/uploads\/2022\/08\/QUIZ_Theatre-medieval_557-768x584.jpeg 768w, https:\/\/theatre-and-coach.fr\/wp-content\/uploads\/2022\/08\/QUIZ_Theatre-medieval_557-300x228.jpeg 300w, https:\/\/theatre-and-coach.fr\/wp-content\/uploads\/2022\/08\/QUIZ_Theatre-medieval_557.jpeg 781w\" sizes=\"(max-width: 768px) 100vw, 768px\" \/><\/div><\/a>\n\t\t\t\t<div class=\"elementor-post__text\">\n\t\t\t\t<h3 class=\"elementor-post__title\">\n\t\t\t<a href=\"https:\/\/theatre-and-coach.fr\/?p=1727\" >\n\t\t\t\tLe th\u00e9\u00e2tre au moyen \u00e2ge (1\u00e8re partie)\t\t\t<\/a>\n\t\t<\/h3>\n\t\t\t\t<div class=\"elementor-post__excerpt\">\n\t\t\t<p>Apr\u00e8s avoir parl\u00e9 des origines du th\u00e9\u00e2tre, aujourd&rsquo;hui nous continuons par le th\u00e9\u00e2tre au moyen \u00e2ge 1\u00e8re partie. Th\u00e9\u00e2tre au Moyen \u00c2ge 1) Moyen \u00c2ge,<\/p>\n\t\t<\/div>\n\t\t\n\t\t<a class=\"elementor-post__read-more\" href=\"https:\/\/theatre-and-coach.fr\/?p=1727\" aria-label=\"En savoir plus sur Le th\u00e9\u00e2tre au moyen \u00e2ge (1\u00e8re partie)\" tabindex=\"-1\" >\n\t\t\tLire la suite \u00bb\t\t<\/a>\n\n\t\t\t\t<\/div>\n\t\t\t\t<div class=\"elementor-post__meta-data\">\n\t\t\t\t\t<span class=\"elementor-post-date\">\n\t\t\tao\u00fbt 8, 2022\t\t<\/span>\n\t\t\t\t<span class=\"elementor-post-avatar\">\n\t\t\tAucun commentaire\t\t<\/span>\n\t\t\t\t<\/div>\n\t\t\t\t\t<\/div>\n\t\t<\/article>\n\t\t\t\t<\/div>\n\t\t\n\t\t\t\t\t\t<\/div>\n\t\t\t\t<\/div>\n\t\t\t\t\t<\/div>\n\t\t<\/div>\n\t\t\t\t\t<\/div>\n\t\t<\/section>\n\t\t\t\t<\/div>\n\t\t","protected":false},"excerpt":{"rendered":"<p>Histoire Th\u00e9\u00e2tre Culture HISTOIRE DU THE\u00c2TRE A TRAVERS LES \u00c2GES Le th\u00e9\u00e2tre traverse les \u00e2ges depuis 25 si\u00e8cles, il permet \u00e0 la fois d&rsquo;interpr\u00e9ter les plus belles oeuvres de la litt\u00e9rature fran\u00e7aise, mais aussi de pouvoir nous exprimer sur sc\u00e8ne comme dans nos vies personnelles. Aujourd&rsquo;hui il devrait \u00eatre consid\u00e9r\u00e9 d&rsquo;utilit\u00e9 publique, il est avec [&hellip;]<\/p>\n","protected":false},"author":1,"featured_media":0,"parent":1700,"menu_order":0,"comment_status":"closed","ping_status":"closed","template":"","meta":{"_monsterinsights_skip_tracking":false,"_monsterinsights_sitenote_active":false,"_monsterinsights_sitenote_note":"","_monsterinsights_sitenote_category":0,"footnotes":""},"class_list":["post-1712","page","type-page","status-publish","hentry"],"aioseo_notices":[],"_links":{"self":[{"href":"https:\/\/theatre-and-coach.fr\/index.php?rest_route=\/wp\/v2\/pages\/1712","targetHints":{"allow":["GET"]}}],"collection":[{"href":"https:\/\/theatre-and-coach.fr\/index.php?rest_route=\/wp\/v2\/pages"}],"about":[{"href":"https:\/\/theatre-and-coach.fr\/index.php?rest_route=\/wp\/v2\/types\/page"}],"author":[{"embeddable":true,"href":"https:\/\/theatre-and-coach.fr\/index.php?rest_route=\/wp\/v2\/users\/1"}],"replies":[{"embeddable":true,"href":"https:\/\/theatre-and-coach.fr\/index.php?rest_route=%2Fwp%2Fv2%2Fcomments&post=1712"}],"version-history":[{"count":0,"href":"https:\/\/theatre-and-coach.fr\/index.php?rest_route=\/wp\/v2\/pages\/1712\/revisions"}],"up":[{"embeddable":true,"href":"https:\/\/theatre-and-coach.fr\/index.php?rest_route=\/wp\/v2\/pages\/1700"}],"wp:attachment":[{"href":"https:\/\/theatre-and-coach.fr\/index.php?rest_route=%2Fwp%2Fv2%2Fmedia&parent=1712"}],"curies":[{"name":"wp","href":"https:\/\/api.w.org\/{rel}","templated":true}]}}